Climatological Summary for Year 2015

NAME:Michael's Weather Station Neuwied(Irlich) Germany
ELEV:103 meters
LAT:50-26.88 N
LONG:007-26.64 E

Temperature (°C)

Year Month Mean Max Mean Min Mean Heat deg days Cool deg days High Day Low Day Max >= 30 Max <= 30 Min <= 0 Min <= -20
2015 01 5.3 0.0 2.7 484.4 0.0 14.6 10 -4.2 05 0 0 17 0
2015 02 5.6 -1.2 2.2 451.7 0.0 10.5 20 -7.3 07 0 0 18 0
2015 03 11.6 0.9 5.7 390.2 0.0 18.5 18 -3.6 12 0 0 12 0
2015 04 17.4 2.8 9.8 255.2 0.0 26.8 15 -2.6 07 0 0 6 0
2015 05 20.4 7.4 13.7 143.2 0.0 28.2 12 0.7 02 0 0 0 0
2015 06 23.8 11.0 17.1 56.1 19.8 35.3 05 6.2 17 3 0 0 0
2015 07 27.6 14.1 20.6 24.7 94.1 38.3 04 6.2 10 10 0 0 0
2015 08 27.2 14.1 20.2 18.0 75.9 36.1 07 8.7 19 8 0 0 0
2015 09 19.2 9.0 13.6 143.1 0.0 25.6 12 3.9 28 0 0 0 0
2015 10 13.6 5.8 9.2 284.1 0.0 22.0 03 -1.2 13 0 0 2 0
2015 11 11.4 5.4 8.3 301.3 0.0 18.8 08 -1.3 24 0 0 4 0
2015 12 9.9 4.4 7.3 343.2 0.0 13.3 19 -1.4 29 0 0 3 0
16.2 6.2 10.9 2895.2 189.8 38.3 Jul -7.3 Feb 21 0 62 0

Precipitation (mm)

Days of rain over
Year Month Total Max observe day Date 0.30 3.00 30.00
2015 01 41.4 7.1 08 16 6 0
2015 02 20.8 5.7 23 8 2 0
2015 03 15.5 2.8 31 11 0 0
2015 04 8.1 3.8 27 5 1 0
2015 05 8.4 2.3 03 7 0 0
2015 06 53.4 17.7 12 12 4 0
2015 07 15.3 6.7 19 10 1 0
2015 08 27.1 9.9 27 8 3 0
2015 09 32.2 12.5 01 11 3 0
2015 10 12.8 4.1 15 9 1 0
2015 11 26.7 5.4 19 16 2 0
2015 12 2.6 1.7 01 1 0 0
264.3 17.7 Jun 114 23 0

Wind Speed (km/h)

Year Month Average High Date Dom. direction
2015 01 5.4 61.2 10 232
2015 02 4.4 48.3 20 194
2015 03 5.3 70.8 31 268
2015 04 4.8 64.4 01 292
2015 05 4.4 62.8 05 254
2015 06 4.4 48.3 02 316
2015 07 4.8 61.2 05 273
2015 08 4.0 54.7 24 260
2015 09 3.7 48.3 17 249
2015 10 1.7 32.2 03 115
2015 11 4.5 49.9 22 235
2015 12 2.9 43.5 01 188
4.2 70.8 Mar 254